f 47160784.
2, 11, 267959
What are the prime factors of 54807797?
11, 452957
What are the prime factors of 86505237?
3, 7, 13, 79, 191
What are the prime factors of 35920656?
2, 3, 249449
List the prime factors of 2511158150.
2, 5, 50223163
What are the prime factors of 38662849?
38662849
List the prime factors of 36257039.
7, 13, 17, 23, 1019
What are the prime factors of 3427616792?
2, 428452099
What are the prime factors of 52423070?
2, 5, 7, 17, 44053
List the prime factors of 4510417583.
7, 644345369
List the prime factors of 287827341.
3, 61, 1093, 1439
List the prime factors of 336455440.
2, 5, 83, 50671
List the prime factors of 1155125368.
2, 19, 7599509
List the prime factors of 729926761.
4019, 181619
What are the prime factors of 17930056?
2, 71, 31567
What are the prime factors of 104816659?
104816659
What are the prime factors of 403495274?
2, 7, 13, 170539
What are the prime factors of 34154850?
2, 3, 5, 227699
List the prime factors of 1062971232.
2, 3, 11072617
List the prime factors of 4479044410.
2, 5, 447904441
What are the prime factors of 1290069897?
3, 229, 1217, 1543
What are the prime factors of 55580117?
31, 499, 3593
List the prime factors of 1352904129.
3, 53, 421, 6737
What are the prime factors of 555978539?
37, 15026447
What are the prime factors of 731679771?
3, 257, 949001
What are the prime factors of 16152492?
2, 3, 53, 109, 233
What are the prime factors of 183965325?
3, 5, 61, 79, 509
List the prime factors of 92449419.
3, 29, 1013, 1049
What are the prime factors of 149118774?
2, 3, 7, 3550447
What are the prime factors of 36546262?
2, 18273131
What are the prime factors of 661330641?
3, 457, 482371
List the prime factors of 5535688055.
5, 29, 38177159
What are the prime factors of 649927542?
2, 3, 11, 43, 109, 191
List the prime factors of 10065591.
3, 37, 167, 181
List the prime factors of 285620763.
3, 31, 53, 57947
List the prime factors of 5152894632.
2, 3, 47, 431, 3533
What are the prime factors of 91434859?
19, 349, 13789
What are the prime factors of 124473263?
23, 5411881
List the prime factors of 467532327.
3, 107, 173, 8419
List the prime factors of 179416295.
5, 313, 114643
What are the prime factors of 688056648?
2, 3, 4507, 6361
What are the prime factors of 1318622689?
41, 2213, 14533
List the prime factors of 423296488.
2, 151, 350411
What are the prime factors of 493753641?
3, 37, 4448231
List the prime factors of 314240550.
2, 3, 5, 13, 161149
List the prime factors of 2823632898.
2, 3, 1511, 311453
What are the prime factors of 47353688?
2, 23, 41, 6277
List the prime factors of 29970433.
29970433
List the prime factors of 76472550.
2, 3, 5, 7, 11, 2207
What are the prime factors of 1223412565?
5, 17, 19, 43, 79, 223
List the prime factors of 36999797.
563, 65719
List the prime factors of 943134086.
2, 307, 1536049
What are the prime factors of 2199602?
2, 409, 2689
What are the prime factors of 698192395?
5, 149, 937171
List the prime factors of 3327374914.
2, 29, 499, 114967
List the prime factors of 1415787556.
2, 43, 97, 84859
List the prime factors of 346094704.
2, 17, 257, 4951
List the prime factors of 200203101.
3, 7, 17, 53, 3527
What are the prime factors of 30086321?
71, 423751
List the prime factors of 96699205.
5, 19339841
What are the prime factors of 558742238?
2, 279371119
What are the prime factors of 61829327?
7, 1261823
What are the prime factors of 2227176292?
2, 11, 2131, 23753
What are the prime factors of 3298750241?
71, 46461271
What are the prime factors of 169965396?
2, 3, 4721261
What are the prime factors of 690906412?
2, 7, 67, 368287
List the prime factors of 46430217.
3, 5158913
List the prime factors of 107957039.
107957039
What are the prime factors of 714097552?
2, 7, 71, 89, 1009
List the prime factors of 79498493.
1097, 72469
What are the prime factors of 272842332?
2, 3, 7, 47, 69109
What are the prime factors of 70931048?
2, 503, 17627
List the prime factors of 4715994053.
47, 100340299
What are the prime factors of 19797363?
3, 271, 8117
List the prime factors of 1306808327.
11, 163, 728839
What are the prime factors of 2892789065?
5, 578557813
List the prime factors of 734738689.
2333, 314933
What are the prime factors of 55093518?
2, 3, 37, 82723
What are the prime factors of 3740302?
2, 19, 98429
What are the prime factors of 24011091?
3, 13, 205223
List the prime factors of 341437332.
2, 3, 37, 769003
What are the prime factors of 3761763?
3, 73, 89, 193
List the prime factors of 359580338.
2, 13, 29, 59, 137
What are the prime factors of 2734099729?
29, 463, 203627
What are the prime factors of 88245880?
2, 5, 19, 116113
What are the prime factors of 2966333393?
1523, 1947691
List the prime factors of 8076582541.
73, 110638117
List the prime factors of 3453616829.
13, 265662833
List the prime factors of 5474147.
7, 19, 79, 521
What are the prime factors of 74244565?
5, 191, 77743
What are the prime factors of 39550078?
2, 859, 23021
What are the prime factors of 150321679?
43, 239, 14627
What are the prime factors of 2212595963?
2212595963
List the prime factors of 141695104.
2, 1106993
List the prime factors of 600665752.
2, 919, 81701
What are the prime factors of 850724844?
2, 3, 70893737
What are the prime factors of 91525382?
2, 13, 17, 53, 3907
What are the prime factors of 270080090?
2, 5, 7, 3858287
What are the prime factors of 2567140753?
23371, 109843
List the prime factors of 1501876991.
8161, 184031
What are the prime factors of 3841036672?
2, 11, 1013, 2693
What are the prime factors of 62952555?
3, 5, 4196837
List the prime factors of 34665880.
2, 5, 19, 45613
List the prime factors of 1416843113.
7, 2129, 95071
List the prime factors of 6359088531.
3, 2119696177
List the prime factors of 234951458.
2, 7, 17, 987191
List the prime factors of 1102395836.
2, 31, 1571, 5659
What are the prime factors of 1942265067?
3, 89, 7274401
List the prime factors of 4978134775.
5, 199125391
List the prime factors of 93807193.
7877, 11909
List the prime factors of 848462157.
3, 19, 23, 31, 6959
List the prime factors of 36335330.
2, 5, 1223, 2971
List the prime factors of 255366435.
3, 5, 17, 61, 16417
List the prime factors of 1595454159.
3, 13, 40909081
What are the prime factors of 356184543?
3, 11, 13, 830267
What are the prime factors of 1776212309?
17, 43, 113, 21503
List the prime factors of 1964154703.
7, 9011, 31139
List the prime factors of 106405078.
2, 13, 4092503
What are the prime factors of 66133421?
283, 233687
List the prime factors of 232393615.
5, 47, 988909
List the prime factors of 76690604.
2, 17, 1127803
What are the prime factors of 311745803?
311745803
What are the prime factors of 217527495?
3, 5, 17, 853049
What are the prime factors of 52598428?
2, 83, 158429
What are the prime factors of 635360065?
5, 251, 506263
What are the prime factors of 3352237919?
29, 269, 429719
What are the prime factors of 80330776?
2, 10041347
What are the prime factors of 193535122?
2, 11, 8797051
What are the prime factors of 1056284475?
3, 5, 14083793
List the prime factors of 101655881.
353, 287977
What are the prime factors of 249542570?
2, 5, 24954257
What are the prime factors of 969186784?
2, 127, 238481
What are the prime factors of 55884774?
2, 3, 11, 846739
List the prime factors of 173110281.
3, 57703427
What are the prime factors of 43910684?
2, 10977671
List the prime factors of 7200264.
2, 3, 43, 6977
What are the prime factors of 61546231?
479, 128489
What are the prime factors of 1203384?
2, 3, 7, 13, 19, 29
List the prime factors of 815300794.
2, 7, 11, 5294161
What are the prime factors of 636130158?
2, 3, 421, 251833
What are the prime factors of 1026519707?
19, 1721, 31393
List the prime factors of 197224882.
2, 29, 269, 12641
List the prime factors of 215793865.
5, 7, 41, 150379
What are the prime factors of 84829513?
84829513
List the prime factors of 2452919849.
131, 233, 80363
What are the prime factors of 101347389?
3, 11, 13, 26249
List the prime factors of 2777872265.
5, 7, 23, 3450773
List the prime factors of 247977225.
3, 5, 41, 26881
What are the prime factors of 1264537207?
2689, 470263
What are the prime factors of 122904913?
122904913
List the prime factors of 89135802.
2, 3, 7, 19, 197
What are th